Let l = 57 + -13. What is the units digit of l?
4
Let p be 28/6 - 2/(-6). Let o(z) = 5 - 1 - z - p. What is the units digit of o(-2)?
1
Let v(j) = 8*j**2 - 2*j - 1. Let r(a) = a**3 - a + 2. Let b be r(0). What is the tens digit of v(b)?
2
Let b(l) = 4*l - 1. Let o be b(1). Let q = 3 - -3. Suppose 5*n = j - o, 0*j - 2*j - 3*n = -q. What is the units digit of j?
3
Suppose x - 64 = -2*r, -15 = 2*r + 4*x - 85. What is the units digit of r?
1
Let a(p) = -p**3 - 3*p**2 + 2*p + 1. Let z be a(-3). Let w = 8 + z. What is the units digit of w?
3
Let r(w) be the third derivative of -w**4/12 + 7*w**3/6 - 3*w**2. What is the units digit of r(-11)?
9
Suppose 0 = 5*w - 2*w - 15. Suppose -4*b + 7 = -w. Suppose -2*s + b*s - 4 = 0. What is the units digit of s?
4
Let y = -6 + 6. Suppose -5*r + k = -22, 28 = 5*r + k - y*k. Suppose -r*a + 3*u = -12 - 35, 3*a = -3*u + 9. What is the units digit of a?
7
Let k(r) = r**2 + 9*r - 7. Suppose 4*h + 30 = h. What is the units digit of k(h)?
3
Let i(q) = -q + 8. Let v be i(7). Suppose 0 = 8*r - 6*r - 10. Suppose 0 = -r*t + v + 4. What is the units digit of t?
1
Suppose -3*y + 7 + 2 = 0. What is the units digit of 20/y*(-6)/(-4)?
0
Suppose -12 = 4*l - 8*l. Suppose -l*c - 5*y = -37, 7 = -4*y + 15. What is the units digit of c?
9
Suppose -3*y + 1531 = 5*d, 5*d = 8*d + y - 921. What is the tens digit of d?
0
Let r(z) be the first derivative of -z**4/4 - 4*z**3/3 + 2*z**2 - 5*z - 1. Let n be r(-5). Suppose x - 6 - 4 = n. What is the tens digit of x?
1
Suppose -4*y + 10 = y. What is the units digit of y*7 + (-2 - -5)?
7
Suppose t - 1 = 2. Suppose 4*z = -2*c - 20, 2 - 12 = -t*c + 2*z. What is the units digit of c + (3*4)/3?
4
Suppose 2*w - w - 54 = 4*q, -5*w + 182 = 2*q. What is the tens digit of w?
3
Suppose 12*o - 15*o + 165 = 0. What is the tens digit of o?
5
Let s = 8 - 4. Suppose -h = -5*v - s, -h + v + 5 = 1. Suppose -h*n + n + 27 = 0. What is the units digit of n?
9
Let b = -4 + -11. What is the units digit of ((-2)/(-5))/((-3)/b)?
2
Suppose -k = -3*k + 580. What is the tens digit of k?
9
Suppose d = 192 - 19. What is the tens digit of d?
7
Suppose 3*s = 3*g - 2*s - 37, -4*g = -4*s - 44. What is the units digit of g?
9
Let x(f) be the first derivative of -9*f**2/2 + f - 4. What is the tens digit of x(-4)?
3
Suppose h - 2*h + 2*g = -9, 5*g = 3*h - 26. Suppose 5*t - 7 = 43. Let l = t - h. What is the units digit of l?
3
Let u(j) = -8*j - 9. What is the hundreds digit of u(-21)?
1
What is the hundreds digit of (-15 - -12) + 178 + 0?
1
Suppose -76 + 907 = 5*n - d, -d = 2*n - 338. What is the hundreds digit of n?
1
Suppose 0 = -u - w + 4*w + 111, -4*u = 2*w - 388. What is the units digit of u?
9
Let n = 27 + -9. What is the units digit of n?
8
Let c be 17/5 - (-6)/(-15). Suppose 0 = c*v - 5*u + 4 + 63, -3*v + 3*u = 57. What is the units digit of (-6)/(-21) - 52/v?
4
Let d = 14 - 28. Let v = 8 + d. What is the units digit of (-2 + 1)/1*v?
6
Let v(f) = -f**2 + 5*f + 2. Let o = -19 - -32. Let t = 18 - o. What is the units digit of v(t)?
2
Let j be (4/6)/(2/9). Let d(g) = -3*g - 16. Let r be d(-4). What is the units digit of -2*(-2)/r + j?
2
Suppose 0*u - 1 = u. What is the tens digit of u*(4 + -3 - 14)?
1
Suppose 2*f + 61 = 211. What is the units digit of f?
5
What is the tens digit of (-2211)/(-11) - (-1)/1*-1?
0
Suppose -2*l + 2*u - 4 = 0, 4*l + u + 2 = 4. Let p = -8 + 12. Suppose -p*r + 1 + 3 = l. What is the units digit of r?
1
Suppose g + 5*w = 75, 3*w = 6 - 3. What is the tens digit of g?
7
Let n = -6 - -7. Suppose 0 = x + n + 2. What is the units digit of ((-18)/(-4))/(x/(-6))?
9
Let a = 4 + 24. What is the units digit of a?
8
What is the hundreds digit of 215*((-3)/(-4) + 4/16)?
2
Suppose 0 = 8*r - 6*r - 84. What is the tens digit of r?
4
Let r be (-2)/(4/6)*-1. Let d = 29 + -18. Let c = d - r. What is the units digit of c?
8
Let x(b) = -b**3 - 11*b**2 - 3*b - 2. Let a be x(-11). Let k = a - 27. What is the units digit of k?
4
Suppose -4*g = -3*b + 595, 5*b = 2*b - 4*g + 563. What is the tens digit of b?
9
Suppose 2*x - 78 - 58 = -2*n, 2*x = -5*n + 349. What is the tens digit of n?
7
Let m(q) = q**2 + 6*q - 3. Let j be m(-6). Let g(x) = x**2 + x. Let p(v) = -4*v**2 - 5*v. Let k(a) = -2*g(a) - p(a). What is the units digit of k(j)?
9
Suppose 4*f + 5*r = 200, 0 = 5*f + 4*r + r - 250. Let o = -19 + f. What is the tens digit of o?
3
What is the units digit of 3/6 + 3/2?
2
Suppose -4 = -5*o + 3*d - 53, -2*o + 2*d = 22. What is the units digit of 3/(-12) + (-26)/o?
3
Let k be (3/(-2))/((-9)/24). Suppose -k*d + d = 0. Let i(u) = u + 13. What is the units digit of i(d)?
3
Let r be 1/((-26)/(-8) + -3). Suppose 2*j + 50 = r*j. What is the units digit of j?
5
Let q be 4 + -7 + 4 - 11. What is the tens digit of (-1017)/(-45) - 4/q?
2
Suppose -3*b + 2*b = -29. Suppose n - 69 - b = -4*a, -261 = -3*n - a. Suppose 5*u = 4*c + n, 0*c = -u + 3*c + 26. What is the tens digit of u?
1
Suppose -314 = -2*t + 3*i, 167 = 2*t + 5*i - 115. What is the hundreds digit of t?
1
Let z(i) = -i**3 - 4*i**2 - 1. Let o be z(-6). Let d = o - 40. What is the tens digit of d?
3
What is the units digit of 30/((1 - 5)/(-4))?
0
Let y(d) = d**2 + 5*d - 3. Let u be y(-6). Suppose -3*b + 8*b - 25 = -5*l, 5*b + u*l = 19. What is the units digit of b?
2
Suppose 4*b = 15 - 175. Let l = b - -61. What is the tens digit of l?
2
Let t = -53 - -28. Let z = -17 - -2. Let m = z - t. What is the tens digit of m?
1
Let q(m) = 2*m**3 - m**3 - 5*m + 0*m**2 - 2*m**2 + 6. What is the tens digit of q(4)?
1
Suppose 2*n + 11 = -3*r, 2*n - 12 - 12 = 4*r. Let t be n + -2 + (-6)/(-3). What is the units digit of 1/(0 + t/14)?
7
Let g be 0 + 3 + -2 + 3. Let w be g/(-10) + (-7)/(-5). What is the tens digit of w*1/(-3)*-33?
1
Suppose -b = b - 6. Let g = b - -1. Suppose 2*i = -a + 25, g*i - 2*a - 59 = -21. What is the tens digit of i?
1
Let g = 69 - 48. What is the units digit of g?
1
Suppose 0 = -3*y - j + 67, -6*j = -5*y - j + 105. Suppose -3*q = -y - 26. What is the tens digit of q?
1
Let o be -2 + (-2)/(-4)*-2. Let n be (-6)/4 + o/(-6). What is the units digit of (1/(-2))/(n/2)?
1
Let f(o) be the second derivative of o**2 + 3*o + 0 + 1/2*o**3. What is the units digit of f(2)?
8
Let q = 0 - 2. Let k = 10 + q. What is the units digit of k?
8
Let i be -6*(1 + 10/(-6)). What is the tens digit of 74*(3 - 10/i)?
3
Let n be (-100)/(-5)*3/4. What is the units digit of 36/n + (-2)/5?
2
Let i(c) = 2*c + 1. Let t(a) = -2*a - 7. Let k be t(-6). Let x(l) = -l + 10. Let p be x(k). What is the tens digit of i(p)?
1
Let l(m) = 5*m - 8. What is the units digit of l(10)?
2
Let y(z) = z**3 - 3*z**2 - z - 2. Let q be y(2). What is the units digit of 65/3 - q/24?
2
Let i(g) = -g**3 - g**2 - 2*g - 4. What is the units digit of i(-4)?
2
Let u be 0/(-4*(-1)/2). Suppose -g + u*g = -2. What is the units digit of 2 - 1 - g/(-1)?
3
Let d be ((-27)/(-12))/((-1)/(-16)). Suppose -2*n = -b + d, -b = -4*b - n + 94. What is the units digit of b?
2
Let n be (2 - 3) + (-1 - -16). Suppose -3*y - 22 = -2*h - 2*h, -y + n = 4*h. Suppose -g = h*a - 8, 2*g - 24 = -g + 4*a. What is the units digit of g?
8
Suppose 2*g - 270 + 96 = 0. What is the tens digit of g?
8
Let k(y) = -3*y - 4. Let o(l) = -l - 11. Let i be o(-7). What is the units digit of k(i)?
8
Let p = 94 - 59. What is the tens digit of p?
3
Let k(o) = -66*o. What is the hundreds digit of k(-4)?
2
Let i be 8/12*(2 - 5). What is the units digit of ((-1)/(-2))/(i/(-80))?
0
Let z(p) = 8*p**2 - 4*p - 5. Let v be z(-2). Suppose 0 = -q - t + v, -2*t - 127 = -3*q - 42. What is the tens digit of q?
3
Let g be 3/2*2/(-1). Let d be 1*2 + 21/g. What is the units digit of (-46)/d - 1/5?
9
Let c = 0 - 0. What is the units digit of (4 - c)*(-1)/(-2)?
2
Suppose w + n - 54 = 0, -2*w - 3*n = -5*w + 192. What is the units digit of w?
9
Suppose 5*s - 5*k = 4*s, 5*k + 10 = 2*s. What is the tens digit of (-1)/(0 + (-1)/s)?
1
Let u = 14 + 11. Suppose -5*q - u = 0, o - 5*o = -3*q - 27. What is the units digit of o?
3
Let k(o) = o + 2. Let u be k(0). Let a be -4 + u + 1*4. What is the units digit of (-27)/(-2) + a/(-4)?
3
Suppose 19 - 267 = -4*a. What is the units digit of a?
2
Suppose -5*g - 2*z = -56, 3*g - 16 = g - 4*z. Suppose -d + g = 2*d. Suppose -2*x + 3*x = -d, -4*m - 2*x = -24. What